11*n + 9. Determine c(-5).
54
Let f(r) = -r**3 - 11*r**2 - 13*r + 6. Determine f(-13).
513
Let v(o) = -1207*o + 21764. Calculate v(18).
38
Let v(t) = -t**2 + 26*t - 214. Determine v(17).
-61
Let k(a) = 103*a**2 - 626*a + 56. Determine k(6).
8
Let u(n) = 64*n + 39. Give u(0).
39
Let k(p) = -79*p - 1680. What is k(-21)?
-21
Let j(z) = 2840*z + 11417. Determine j(-4).
57
Let b(u) = -3*u**2 + 83*u - 80. What is b(1)?
0
Let v(y) = -131*y + 706. Calculate v(5).
51
Let g(h) = 3*h**3 - 28*h**2 + 15*h + 16. Give g(9).
70
Let s(a) = -90*a + 692. What is s(8)?
-28
Let m(r) = -3542*r + 116879. Calculate m(33).
-7
Let q(o) = o**3 - 6*o**2 - 108*o + 640. What is q(6)?
-8
Let w(f) = -f**3 - 124*f**2 + 122*f - 383. Calculate w(-125).
-8
Let l(s) = -22*s**3 + 10*s**2 + 22*s - 1. Calculate l(0).
-1
Let r(z) = z**3 + 10*z**2 + 15*z - 34. Give r(-8).
-26
Let z(n) = -133*n - 13998. Determine z(-105).
-33
Let a(y) = -2*y**3 - 582*y**2 - 11341*y - 264. Calculate a(-270).
6
Let s(d) = d**3 - 2*d**2 + 10*d + 9. Give s(5).
134
Let k(h) = h**2 + 2068*h + 36939. Calculate k(-18).
39
Let z(d) = d**3 - 2*d**2 - 4*d + 8. Calculate z(6).
128
Let y(z) = -13*z**2 - 22*z + 113. Calculate y(-4).
-7
Let h(b) = -5*b - 3. Determine h(-19).
92
Let d(v) = -702*v - 2811. Calculate d(-4).
-3
Let f(i) = -3*i**3 + 84*i**2 - 83*i + 55. What is f(27)?
1
Let d(g) = 5*g**3 + 72*g**2 + 42*g + 122. Calculate d(-14).
-74
Let x(z) = -756*z + 5281. Give x(7).
-11
Let i(u) = -2*u**2 + 143*u + 5456. What is i(99)?
11
Let j(q) = 42*q + 1133. What is j(-27)?
-1
Let q(b) = 7*b**3 - 39*b**2 + 5*b - 10. Calculate q(2).
-100
Let s(i) = i**2 - 5*i - 70. What is s(10)?
-20
Let m(i) = -20*i - 354. Calculate m(-19).
26
Let z(h) = -15*h**2 + 164*h + 198. Determine z(12).
6
Let t(n) = -n**2 + 104*n + 415. Give t(-4).
-17
Let g(j) = 21*j + 13. Give g(8).
181
Let i(f) = f**2 + 37*f - 14. Calculate i(-24).
-326
Let z(g) = -16*g - 512. What is z(-32)?
0
Let f(y) = -57*y - 246. Calculate f(-3).
-75
Let m(w) = -452*w + 1362. Calculate m(3).
6
Let d(v) = 258*v - 10064. What is d(39)?
-2
Let y(i) = -53*i + 508. Calculate y(10).
-22
Let d(a) = -a**3 + 4*a**2 + 80*a - 1. Determine d(13).
-482
Let h(t) = -575*t + 24145. Give h(42).
-5
Let p(i) = i**2 + 35*i + 70. What is p(-23)?
-206
Let h(c) = -4*c**2 - 251*c + 39. Calculate h(-64).
-281
Let s(a) = a**2 + 308*a + 1805. Give s(-6).
-7
Let b(c) = -c**2 - 8*c + 384. Determine b(16).
0
Let r(b) = b**2 - 5*b + 5. Give r(6).
11
Let d(s) = 16*s**2 - 87*s + 92. Calculate d(4).
0
Let d(j) = -7*j**2 + 159*j + 221. Determine d(24).
5
Let i(u) = -7299*u - 58394. Determine i(-8).
-2
Let t(o) = -o**3 - 77*o**2 - 179*o - 2164. Calculate t(-75).
11
Let d(z) = 13*z**3 + z**2 + z - 7. Determine d(-3).
-352
Let r(x) = -2*x + 16. Give r(9).
-2
Let n(t) = -t**2 - 39*t - 85. Calculate n(-35).
55
Let q(o) = -67*o - 864. Calculate q(-13).
7
Let a(r) = 3*r**3 - 97*r**2 + 52*r - 590. Give a(32).
50
Let x(h) = 2*h - 75. What is x(15)?
-45
Let c(p) = p**3 + 14*p**2 + 23*p + 32. Give c(-12).
44
Let a(j) = -j**2 + j + 1711. What is a(-41)?
-11
Let r(m) = 2*m**2 + m - 292. Calculate r(-12).
-16
Let n(t) = -t**2 - 17*t + 1412. What is n(-47)?
2
Let j(x) = -4*x**3 + 11*x**2 + 5*x - 32. Calculate j(6).
-470
Let d(v) = v**2 + 23*v + 312. Calculate d(-22).
290
Let l(y) = -y**2 + 206*y - 1200. Determine l(6).
0
Let r(n) = 19*n - 21. Determine r(-10).
-211
Let n(v) = -v**2 - 460*v - 716. Determine n(0).
-716
Let q(b) = 2*b**3 + 26*b**2 - 37*b - 29. Calculate q(-14).
97
Let k(f) = -2*f**2 - 77*f - 345. Calculate k(-5).
-10
Let z(j) = -2*j**3 + 16*j**2 + 17*j - 217. What is z(7)?
0
Let o(u) = -27*u**2 - 36*u - 2. What is o(-3)?
-137
Let o(g) = 2*g + 98. Give o(-47).
4
Let o(q) = -2*q**2 + 130*q - 985. Determine o(9).
23
Let x(d) = -3*d**2 + 319*d - 2362. Calculate x(8).
-2
Let t(a) = 48*a + 3268. Calculate t(-68).
4
Let z(v) = -12*v**3 + 278*v**2 + 237*v + 41. Determine z(24).
-31
Let z(t) = t + 18. Calculate z(10).
28
Let c(i) = 206*i + 2044. Give c(-10).
-16
Let x(g) = -4*g**2 - 67*g - 72. Calculate x(-16).
-24
Let n(g) = -g**3 - 27*g**2 - 88*g + 100. Determine n(-23).
8
Let l(z) = 38*z + 1258. What is l(-33)?
4
Let m(p) = 18318*p - 73281. Give m(4).
-9
Let f(d) = -116*d - 120. What is f(-1)?
-4
Let j(q) = 4*q**2 - 5*q + 131. Give j(9).
410
Let d(i) = 11*i**2 + 10*i + 26. What is d(-5)?
251
Let s(p) = 48*p**3 - 5*p**2 + 4*p - 2. Give s(1).
45
Let i(y) = 2*y**3 - 16*y**2 + 65*y - 340. What is i(5)?
-165
Let j(n) = -135*n - 253. What is j(-2)?
17
Let h(l) = -13*l**2 + 56*l + 48. Calculate h(5).
3
Let k(p) = -4*p**2 + 57*p - 17. Calculate k(14).
-3
Let r(t) = t**3 + 13*t**2 - 16*t - 8. Give r(-14).
20
Let s(b) = b**2 + 74*b + 1028. Calculate s(-52).
-116
Let o(h) = -3*h**3 + 19*h**2 + 34*h + 20. Calculate o(8).
-28
Let y(a) = -25*a + 592. Give y(24).
-8
Let d(i) = 109*i - 542. Determine d(5).
3
Let p(x) = x**2 + 8*x + 84. Determine p(-9).
93
Let q(b) = -207*b - 65610. What is q(-317)?
9
Let r(a) = 80*a - 687. Calculate r(12).
273
Let g(a) = -363*a + 6535. Determine g(18).
1
Let h(u) = -32*u + 61. Calculate h(-5).
221
Let y(p) = p**3 - 3*p**2 + 41*p - 126. Calculate y(3).
-3
Let n(t) = -41*t + 316. Give n(8).
-12
Let m(h) = 1471*h + 13273. Determine m(-9).
34
Let q(z) = 181*z + 4392. What is q(-24)?
48
Let a(q) = -82*q + 677. Determine a(11).
-225
Let w(p) = 14*p + 45. What is w(12)?
213
Let w(z) = -z**2 - 4*z + 3956. Calculate w(61).
-9
Let y(l) = 12*l**2 + 145*l + 146. Give y(-11).
3
Let h(y) = -y**2 + 93*y + 8132. Determine h(-55).
-8
Let b(v) = 347*v + 11372. What is b(-33)?
-79
Let i(a) = -2293*a + 18339. Determine i(8).
-5
Let i(p) = -311*p**3 - 12*p**2 - 12*p. What is i(-1)?
311
Let w(z) = 186*z**3 + z**2 - 78*z - 80. Calculate w(-1).
-187
Let v(c) = -c**3 + 385*c**2 - 1125*c - 8015. Determine v(382).
7
Let p(y) = 28*y**2 - 13*y + 1. What is p(-2)?
139
Let f(v) = -3*v**3 - 22*v**2 + v + 25. Give f(-8).
145
Let g(k) = 147*k + 507. Give g(-11).
-1110
Let t(s) = s**3 - 10*s**2 - 124*s + 1217. Determine t(12).
17
Let q(y) = y**3 + 3*y**2 + 50*y - 198. Give q(3).
6
Let t(m) = -2*m**2 - 767*m - 72155. What is t(-218)?
3
Let v(z) = -z**2 - 11*z - 37. Determine v(-8).
-13
Let p(o) = 18*o + 354. Calculate p(-15).
84
Let g(o) = 39*o + 446. Calculate g(-11).
17
Let w(d) = -d**3 + 78*d**2 + 158*d + 154. Calculate w(80).
-6
Let h(k) = k**3 - 47*k**2 - 639*k - 13. Give h(-11).
-2
Let t(a) = -7*a**2 - 21*a + 2. Give t(-3).
2
Let n(u) = u**3 - 2*u**2 - 71*u + 213. What is n(3)?
9
Let p(z) = -1791*z - 7188. What is p(-4)?
-24
Let i(o) = 7*o**2 + 5*o + 6. What is i(7)?
384
Let o(x) = x**2 + 173*x - 1070. What is o(-179)?
4
Let j(c) = -3*c**2 + 183*c - 729. Give j(4).
-45
Let z(o) = -23*o**2 + 123*o - 24. Give z(6).
-114
Let y(q) = -q**3 + 31*q**2 - 55*q - 64. Determine y(29).
23
Let l(c) = -c**2 - 26*c + 188. Give l(-29).
101
Let l(f) = -88*f**3 + f**2 - 82*f - 83. Determine l(-1).
88
Let x(l) = -l**2 - 9*l + 87. Determine x(6).
-3
Let p(r) = -r**3 + 26*r**2 + 19*r + 1056. Determine p(28).
20
Let s(l) = 2*l**2 - 146*l + 165. Give s(72).
21
Let v(b) = -b**3 - 96*b**2 + 192*b - 389. Give v(-98).
3
Let h(y) = -y**2 - 32*y - 208. Give h(-26).
-52
Let u(n) = 2*n**2 - 187*n - 5226. Calculate u(116).
-6
Let y(c) = 2*c - 49. Determine y(-41).
-131
Let q(k) = -k**2 - 559*k - 21239. Give q(-41).
-1
Let n(o) = 83*o - 29. Give n(-3).
-278
Let t(f) = -115*f + 716. Calculate t(6).
26
Let f(b) = b**3 - 247*b**2 + 234*b + 2942. What is f(246)?
-10
Let z(p) = 31*p**2 + 33*p - 42. Give z(-5).
568
Let y(w) = -w**2 + w + 107. Determine y(18).
-199
Let k(o) = -2*o**2 + 242*o - 3428. Determine k(105).
-68
Let w(j) = -1998*j + 5984. Calculate w(3).
-10
Let t(o) = -2*o**3 + 174*o**2 + 924*o - 322. Calculate t(92).
46
Let q(s) = 103*s - 137. What is q(3)?
172
Let m(f) = -33*f**2 - 208*f - 37. Calculate m(-6).
23
Let c(w) = -96*w + 4464. Determine c(46).
48
Let d(c) = -38*c**2 + 12*c. Give d(3).
-306
Let j(x) = -17*x**2 - 16*x + 30. What is j(3)?
-171
Let b(o) = 33*o**2 + 88*o - 2. Give b(-2).
-46
Let f(s) = -s**3 + 5*s**2 - 3*s + 7. Give f(6).
-47
Let z(h) = -4*h**2 - 22*h - 33. What is z(-4)?
-9
Let q(y) = 64*y - 774. Calculate q(12).
-6
Let d(u) = -u**2 - 54*u + 250. Determine d(5).
-45
Let g(t) = 2*t**3 - 8*t**2 - 3*t - 13. Determine g(5)